ten thousands digit of 92239?
9
What is the hundreds digit of 4398?
3
What is the units digit of 67636?
6
What is the ten thousands digit of 25286?
2
What is the tens digit of 2577?
7
What is the tens digit of 784?
8
What is the hundreds digit of 2432?
4
What is the hundreds digit of 24072?
0
What is the units digit of 3145?
5
What is the thousands digit of 42832?
2
What is the tens digit of 3215?
1
What is the hundreds digit of 1660?
6
What is the hundreds digit of 13951?
9
What is the ten thousands digit of 44904?
4
What is the hundreds digit of 2424?
4
What is the thousands digit of 1670?
1
What is the hundreds digit of 78758?
7
What is the hundreds digit of 112656?
6
What is the thousands digit of 12630?
2
What is the thousands digit of 3884?
3
What is the tens digit of 1940?
4
What is the tens digit of 774?
7
What is the units digit of 32091?
1
What is the units digit of 386?
6
What is the tens digit of 22214?
1
What is the tens digit of 2178?
7
What is the tens digit of 5172?
7
What is the units digit of 53061?
1
What is the units digit of 4037?
7
What is the units digit of 32978?
8
What is the units digit of 4506?
6
What is the thousands digit of 3110?
3
What is the hundreds digit of 2952?
9
What is the ten thousands digit of 15428?
1
What is the tens digit of 4530?
3
What is the thousands digit of 6348?
6
What is the units digit of 57898?
8
What is the hundreds digit of 3152?
1
What is the units digit of 14742?
2
What is the units digit of 2142?
2
What is the units digit of 974?
4
What is the hundreds digit of 207?
2
What is the units digit of 1602?
2
What is the tens digit of 2058?
5
What is the units digit of 2136?
6
What is the units digit of 299?
9
What is the tens digit of 567?
6
What is the units digit of 1126?
6
What is the tens digit of 2014?
1
What is the hundreds digit of 3260?
2
What is the hundreds digit of 174?
1
What is the tens digit of 2661?
6
What is the thousands digit of 124241?
4
What is the thousands digit of 103205?
3
What is the units digit of 240?
0
What is the units digit of 37116?
6
What is the units digit of 48223?
3
What is the thousands digit of 5403?
5
What is the thousands digit of 6791?
6
What is the hundreds digit of 7310?
3
What is the units digit of 24987?
7
What is the hundreds digit of 6448?
4
What is the units digit of 39057?
7
What is the hundreds digit of 6252?
2
What is the thousands digit of 2119?
2
What is the tens digit of 4651?
5
What is the ten thousands digit of 43840?
4
What is the tens digit of 10698?
9
What is the tens digit of 3449?
4
What is the thousands digit of 1845?
1
What is the units digit of 134166?
6
What is the units digit of 3786?
6
What is the tens digit of 936?
3
What is the thousands digit of 4143?
4
What is the thousands digit of 1285?
1
What is the units digit of 4032?
2
What is the hundreds digit of 4616?
6
What is the units digit of 22030?
0
What is the thousands digit of 4317?
4
What is the thousands digit of 14145?
4
What is the thousands digit of 40514?
0
What is the units digit of 736?
6
What is the units digit of 1961?
1
What is the hundreds digit of 911?
9
What is the hundreds digit of 7128?
1
What is the units digit of 2920?
0
What is the hundreds digit of 492?
4
What is the tens digit of 48034?
3
What is the tens digit of 41331?
3
What is the hundreds digit of 1487?
4
What is the tens digit of 11900?
0
What is the units digit of 117?
7
What is the units digit of 727?
7
What is the hundreds digit of 895?
8
What is the tens digit of 10344?
4
What is the thousands digit of 4201?
4
What is the tens digit of 20426?
2
What is the ten thousands digit of 20399?
2
What is the hundreds digit of 696?
6
What is the hundreds digit of 5654?
6
What is the ten thousands digit of 10127?
1
What is the units digit of 30799?
9
What is the units digit of 16933?
3
What is the hundreds digit of 227?
2
What is the units digit of 23736?
6
What is the hundreds digit of 393?
3
What is the units digit of 405?
5
What is the tens digit of 131373?
7
What is the thousands digit of 8284?
8
What is the tens digit of 30452?
5
What is the thousands digit of 2599?
2
What is the tens digit of 973?
7
What is the tens digit of 1367?
6
What is the tens digit of 17259?
5
What is the tens digit of 544?
4
What is the hundreds digit of 12304?
3
What is the hundreds digit of 43170?
1
What is the thousands digit of 15583?
5
What is the tens digit of 916?
1
What is the tens digit of 129850?
5
What is the units digit of 8109?
9
What is the units digit of 43576?
6
What is the tens digit of 5011?
1
What is the thousands digit of 78441?
8
What is the hundreds digit of 2013?
0
What is the tens digit of 6164?
6
What is the hundreds digit of 770?
7
What is the hundreds digit of 5635?
6
What is the hundreds digit of 109?
1
What is the ten thousands digit of 38814?
3
What is the tens digit of 784?
8
What is the ten thousands digit of 83681?
8
What is the tens digit of 235?
3
What is the thousands digit of 9011?
9
What is the units digit of 33372?
2
What is the ten thousands digit of 32622?
3
What is the hundreds digit of 4983?
9
What is the units digit of 11107?
7
What is the units digit of 1606?
6
What is the tens digit of 108299?
9
What is the tens digit of 7501?
0
What is the tens digit of 521?
2
What is the tens digit of 87383?
8
What is the units digit of 11280?
0
What is the tens digit of 2841?
4
What is the units digit of 1403?
3
What is the tens digit of 1273?
7
What is the tens digit of 5019?
1
What is the units digit of 3275?
5
What is the tens digit of 39341?
4
What is the tens digit of 693?
9
What is the units digit of 927?
7
What is the hundreds digit of 158?
1
What is the units digit of 70604?
4
What is the tens digit of 46675?
7
What is the thousands digit of 11493?
1
What is the tens digit of 47848?
4
What is the thousands digit of 26035?
6
What is the thousands digit of 4195?
4
What is the hundreds digit of 1342?
3
What is the hundreds digit of 73956?
9
What is the thousands digit of 1938?
1
What is the hundreds digit of 4509?
5
What is the units digit of 17281?
1
What is the units digit of 78243?
3
What is the ten thousands digit of 10791?
1
What is the units digit of 28788?
8
What is the ten thousands digit of 15813?
1
What is the units digit of 4613?
3
What is the units digit of 234?
4
What is the tens digit of 2234?
3
What is the thousands digit of 5013?
5
What is the thousands digit of 1082?
1
What is the thousands digit of 1419?
1
What is the thousands digit of 7777?
7
What is the hundreds digit of 3420?
4
What is the ten thousands digit of 51865?
5
What is the units digit of 2082?
2
What is the hundreds digit of 9106?
1
What is the tens digit of 10751?
5
What is the hundreds digit of 306?
3
What is the ten thousands digit of 16741?
1
What is the units digit of 16277?
7
What is the units digit of 7823?
3
What is the tens digit of 2775?
7
What is the units digit of 39343?
3
What is the units digit of 413?
3
What is the thousands digit of 3634?
3
What is the units digit of 5195?
5
What is the tens digit of 1109?
0
What is the tens digit of 1588?
8
What is the tens digit of 2781?
8
What is the thousands digit of 15992?
5
What is the units digit of 76593?
3
What is the thousands digit of 3657?
3
What is the thousands digit of 7882?
7
What is the thousands digit of 4153?
4
What is the ten thousands digit of 32101?
3
What is the hundreds digit of 7308?
3
What is the units digit of 70924?
4
What is the hundreds digit of 4422?
4
What is the units digit of 7109?
9
What is the tens digit of 470?
7
What is the ten thousands digit of 15778?
1
What is the tens digit of 703?
0
What is the hundreds digit of 16657?
6
What is the thousands digit of 21017?
1
What is the ten thousands digit of 40717?
4
What is the tens digit of 8158?
5
What is the units digit of 1381?
1
What is the units digit of 39397?
7
What is the tens digit of 3044?
4
What is the ten thousands digit of 10287?
1
What is the thousands digit of 4658?
4
What is the tens digit of 89?
8
What is the hundreds digit of 209?
2
What is the hundred thousands digit of 149325?
1
What is the thousands digit of 103041?
3
What is the tens digit of 177738?
3
What is the units digit of 7955?
5
What is the hundreds digit of 769?
7
What is the ten thousands